e thousands digit of 18235?
8
What is the tens digit of 37076?
7
What is the hundreds digit of 3213?
2
What is the hundreds digit of 3056?
0
What is the thousands digit of 4666?
4
What is the units digit of 635?
5
What is the units digit of 17478?
8
What is the tens digit of 8560?
6
What is the units digit of 1129?
9
What is the thousands digit of 8827?
8
What is the hundreds digit of 11082?
0
What is the units digit of 2778?
8
What is the thousands digit of 9801?
9
What is the tens digit of 25896?
9
What is the units digit of 3076?
6
What is the hundreds digit of 23711?
7
What is the tens digit of 775?
7
What is the ten thousands digit of 20597?
2
What is the tens digit of 80?
8
What is the hundreds digit of 4428?
4
What is the units digit of 3627?
7
What is the thousands digit of 2995?
2
What is the hundred thousands digit of 105189?
1
What is the thousands digit of 3931?
3
What is the hundreds digit of 575?
5
What is the units digit of 433?
3
What is the units digit of 2524?
4
What is the hundred thousands digit of 126808?
1
What is the units digit of 129?
9
What is the units digit of 562?
2
What is the hundreds digit of 2117?
1
What is the thousands digit of 2259?
2
What is the tens digit of 940?
4
What is the thousands digit of 10447?
0
What is the units digit of 27081?
1
What is the hundreds digit of 13945?
9
What is the tens digit of 32374?
7
What is the hundreds digit of 29049?
0
What is the tens digit of 10051?
5
What is the units digit of 1602?
2
What is the units digit of 39721?
1
What is the thousands digit of 66800?
6
What is the units digit of 9069?
9
What is the tens digit of 4387?
8
What is the units digit of 1908?
8
What is the units digit of 10984?
4
What is the hundreds digit of 409?
4
What is the ten thousands digit of 10983?
1
What is the thousands digit of 13234?
3
What is the units digit of 1644?
4
What is the tens digit of 2896?
9
What is the units digit of 68395?
5
What is the tens digit of 593?
9
What is the units digit of 6132?
2
What is the tens digit of 8386?
8
What is the units digit of 100?
0
What is the tens digit of 9769?
6
What is the tens digit of 1920?
2
What is the thousands digit of 64399?
4
What is the units digit of 95590?
0
What is the hundreds digit of 791?
7
What is the hundreds digit of 18640?
6
What is the thousands digit of 27829?
7
What is the hundreds digit of 2510?
5
What is the tens digit of 28594?
9
What is the tens digit of 128?
2
What is the ten thousands digit of 12964?
1
What is the units digit of 2291?
1
What is the thousands digit of 1375?
1
What is the thousands digit of 5826?
5
What is the units digit of 1828?
8
What is the ten thousands digit of 68099?
6
What is the units digit of 92146?
6
What is the hundreds digit of 342?
3
What is the tens digit of 9264?
6
What is the thousands digit of 16818?
6
What is the hundreds digit of 1866?
8
What is the thousands digit of 4111?
4
What is the tens digit of 2756?
5
What is the hundreds digit of 5699?
6
What is the tens digit of 145?
4
What is the units digit of 981?
1
What is the hundreds digit of 648?
6
What is the hundreds digit of 61670?
6
What is the hundreds digit of 7096?
0
What is the thousands digit of 1418?
1
What is the tens digit of 2735?
3
What is the ten thousands digit of 15589?
1
What is the tens digit of 1017?
1
What is the thousands digit of 41141?
1
What is the units digit of 3217?
7
What is the thousands digit of 60280?
0
What is the thousands digit of 1774?
1
What is the units digit of 7207?
7
What is the thousands digit of 2456?
2
What is the thousands digit of 15528?
5
What is the units digit of 466?
6
What is the ten thousands digit of 22932?
2
What is the thousands digit of 10035?
0
What is the units digit of 8043?
3
What is the units digit of 928?
8
What is the hundreds digit of 141?
1
What is the units digit of 30983?
3
What is the thousands digit of 29235?
9
What is the thousands digit of 4945?
4
What is the units digit of 411?
1
What is the units digit of 1092?
2
What is the thousands digit of 21495?
1
What is the hundreds digit of 4416?
4
What is the hundreds digit of 702?
7
What is the thousands digit of 39363?
9
What is the tens digit of 2203?
0
What is the tens digit of 84818?
1
What is the units digit of 1890?
0
What is the hundreds digit of 2138?
1
What is the tens digit of 396?
9
What is the tens digit of 401?
0
What is the thousands digit of 2708?
2
What is the units digit of 45926?
6
What is the thousands digit of 3690?
3
What is the tens digit of 2670?
7
What is the tens digit of 1689?
8
What is the tens digit of 30673?
7
What is the tens digit of 2233?
3
What is the units digit of 3089?
9
What is the hundreds digit of 2842?
8
What is the tens digit of 1484?
8
What is the hundreds digit of 35465?
4
What is the hundreds digit of 37285?
2
What is the ten thousands digit of 39166?
3
What is the hundreds digit of 1957?
9
What is the units digit of 5077?
7
What is the tens digit of 322?
2
What is the units digit of 1031?
1
What is the units digit of 23631?
1
What is the hundreds digit of 1765?
7
What is the ten thousands digit of 12814?
1
What is the thousands digit of 64319?
4
What is the thousands digit of 71536?
1
What is the units digit of 16069?
9
What is the hundreds digit of 14167?
1
What is the hundreds digit of 50077?
0
What is the units digit of 14200?
0
What is the hundred thousands digit of 110616?
1
What is the units digit of 6898?
8
What is the tens digit of 2371?
7
What is the units digit of 2614?
4
What is the hundreds digit of 6279?
2
What is the thousands digit of 2667?
2
What is the tens digit of 3312?
1
What is the tens digit of 22752?
5
What is the tens digit of 16876?
7
What is the hundreds digit of 34733?
7
What is the tens digit of 163658?
5
What is the thousands digit of 2286?
2
What is the tens digit of 1690?
9
What is the tens digit of 633?
3
What is the hundred thousands digit of 142189?
1
What is the units digit of 643?
3
What is the units digit of 74143?
3
What is the hundreds digit of 11904?
9
What is the tens digit of 88851?
5
What is the tens digit of 55139?
3
What is the hundreds digit of 2466?
4
What is the hundreds digit of 52949?
9
What is the thousands digit of 1800?
1
What is the tens digit of 7576?
7
What is the thousands digit of 6197?
6
What is the units digit of 3263?
3
What is the units digit of 12081?
1
What is the thousands digit of 2710?
2
What is the hundreds digit of 2204?
2
What is the thousands digit of 83677?
3
What is the thousands digit of 1729?
1
What is the thousands digit of 9557?
9
What is the tens digit of 70146?
4
What is the tens digit of 509?
0
What is the units digit of 3599?
9
What is the thousands digit of 3936?
3
What is the hundreds digit of 1840?
8
What is the ten thousands digit of 12381?
1
What is the units digit of 159?
9
What is the tens digit of 923?
2
What is the hundreds digit of 23007?
0
What is the hundreds digit of 1287?
2
What is the thousands digit of 4291?
4
What is the thousands digit of 7541?
7
What is the thousands digit of 5354?
5
What is the thousands digit of 3996?
3
What is the units digit of 12762?
2
What is the hundreds digit of 3950?
9
What is the units digit of 190747?
7
What is the units digit of 9734?
4
What is the units digit of 41525?
5
What is the tens digit of 163?
6
What is the units digit of 9696?
6
What is the hundreds digit of 5850?
8
What is the hundreds digit of 56183?
1
What is the hundreds digit of 75874?
8
What is the ten thousands digit of 15252?
1
What is the tens digit of 4543?
4
What is the tens digit of 2405?
0
What is the units digit of 20950?
0
What is the hundreds digit of 1605?
6
What is the hundreds digit of 5835?
8
What is the thousands digit of 5396?
5
What is the hundreds digit of 868?
8
What is the tens digit of 11091?
9
What is the units digit of 9731?
1
What is the tens digit of 4291?
9
What is the hundreds digit of 3223?
2
What is the units digit of 5524?
4
What is the tens digit of 474?
7
What is the hundreds digit of 1295?
2
What is the tens digit of 1249?
4
What is the hundreds digit of 4198?
1
What is the hundreds digit of 19952?
9
What is the hundreds digit of 411?
4
What is the tens digit of 160?
6
What is the tens digit of 3885?
8
What is the tens digit of 8325?
2
What is the 